/9 - (-4)/12. Let h(o) = o**3 + 6*o**2 - 7*o - 5. Let b be h(-7). Let m = b - p. What is the units digit of m?
1
Let d = 22 + 10. What is the units digit of (-24)/d - (-190)/8?
3
Let k = -1239 + 2317. What is the tens digit of k?
7
Let w = 1021 - 619. What is the units digit of w?
2
Let v(j) = j**3 + 10*j**2 + 11*j + 21. Let h be v(-6). Suppose 0 = -5*x + h - 4. What is the units digit of x?
9
Suppose 0 = -k - k + 154. Let c = -39 + k. Let m = c + -18. What is the units digit of m?
0
Let v(p) = -p**2 - 8*p - 4. Let b be v(-8). Let q = b + 1. What is the units digit of 1/((q/(-90))/1)?
0
Suppose -17670 = -16*v - 14*v. What is the tens digit of v?
8
Suppose -n + 0 = -6. What is the units digit of ((-2)/4)/(n/(-12))?
1
Suppose -3*c + 2443 = -755. What is the hundreds digit of c?
0
Let p(s) = 54*s**2 + s + 2. What is the tens digit of p(3)?
9
Let h(f) be the second derivative of -f**4/12 + f**3 - 3*f**2/2 - 9*f. Let p be h(3). Suppose p*c - 10*c + 212 = 0. What is the tens digit of c?
5
Suppose 185 = -3*l - 4*y, l + 4*y - 3*y + 63 = 0. Let c = -47 - l. What is the units digit of c?
0
Suppose -4122 = -82*b + 79*b - 3*m, -5502 = -4*b + 2*m. What is the units digit of b?
5
Let c = -732 - -1577. What is the hundreds digit of c?
8
Let z(n) = -n**3 - 12*n**2 - n - 10. Let s be z(-12). Suppose -2*l + 508 = s*l. What is the tens digit of l?
2
Let c be ((-10)/(-5))/(1/6). Let g = 13 - c. What is the tens digit of (-327)/(-15) - g/(-5)?
2
Let c = 586 + 56. What is the hundreds digit of c?
6
Let f(w) = 3*w - 17. Let q be (-1)/(-3*(-2)/(-30)). Let y be f(q). What is the units digit of 46 + -5 + (-8)/y?
5
Suppose -2*o + 0*b - 1 = 3*b, 3*o = 4*b + 7. What is the units digit of ((-6)/2 + 19)*o*4?
4
Let j(b) = -b + 5. Let u be j(4). Let g(z) = z**2 - 2*z**2 - 13*z**3 + 3 + u - 5 - 2*z. What is the units digit of g(-1)?
3
Let w = -199 - -711. What is the units digit of w?
2
Suppose -6*z = 10*z - 7600. What is the units digit of z?
5
Let j be (-23)/(-4) + 54/(-72). Suppose 107 = j*u - 508. What is the units digit of u?
3
Let o(k) = 5*k**2 + 38*k - 278. What is the tens digit of o(7)?
3
Suppose 5*p + c = 4136 + 539, p - 956 = 4*c. What is the hundreds digit of p?
9
Suppose 1032 = 28*u - 26*u. Suppose -31*i = -27*i - u. What is the hundreds digit of i?
1
Suppose 5 = -l + s + 2, 0 = 2*l - 3*s + 11. Suppose u = 55 + 16. Suppose p - 5*j + u = 2*p, 0 = p + l*j - 56. What is the tens digit of p?
4
Let n(p) be the first derivative of -p**4/4 + 4*p**3/3 + p**2 + 12*p + 37. What is the units digit of n(-5)?
7
Let i = -126 - -236. Suppose -u + i = -132. What is the units digit of u?
2
Suppose -179 = -k + 163. What is the tens digit of k?
4
Let x(j) = 1026*j**2 - 27*j + 28. What is the tens digit of x(1)?
2
Let m = 323 - -112. What is the tens digit of m?
3
Let u(a) = 91*a**2 + a - 1. Let c be u(1). Suppose 0 = -o + c - 23. What is the tens digit of o?
6
Suppose -2*k + 111 = -45. Suppose 0*n + 24 = n + 3*q, 2*n - 4*q - k = 0. What is the units digit of n?
3
Suppose -8*q + 285 = -2259. What is the tens digit of q?
1
Let q be (-1)/4*0 - -4. Suppose 26 = q*n - 6*n. Let s = n - -36. What is the units digit of s?
3
Let a(l) = -56*l - 187. What is the units digit of a(-13)?
1
Let u(s) = -17*s + 33. Let b be u(3). What is the tens digit of -65*(b/15)/3?
2
Suppose 1022 + 4513 = 5*y. What is the units digit of y?
7
Suppose -18*p = -0*p - 29646. What is the hundreds digit of p?
6
Let o = -121 + 117. Let y(u) = -66*u + 30. What is the tens digit of y(o)?
9
Let p(u) = -12*u - 18. Let b(x) = 10*x**3 + 2*x**2 - 1. Let t be b(-1). Let a be p(t). What is the units digit of (a/(-21))/(1/(-7))?
0
Suppose 21 = 3*v - 48. Let p = v - -75. Suppose 5*i - 101 = -4*l + 51, -l = -3*i + p. What is the tens digit of i?
3
Let v(r) = 19*r + 43. What is the tens digit of v(8)?
9
Let k(w) be the second derivative of -w**3/3 + 2*w**2 + 16*w. Suppose 3*q + 0*u + 18 = -u, 2*q + 11 = -u. What is the tens digit of k(q)?
1
Let d(w) = -w**3 + w + 2. Let t be d(0). Let m = -157 + 159. Suppose 3*b - 55 = 2*l, m*b + t*l = -2*l + 10. What is the tens digit of b?
1
Let g be (-20)/3*(-3)/4. Suppose 2*r + g*t - 492 = 0, -12 = 3*t - 0*t. What is the units digit of r?
6
Let r be 1*2/7 + (-15)/(-21). Let q be (-6 + 2)/((-2)/3). Suppose q*h = r + 65. What is the units digit of h?
1
Let j(x) = -4*x + 1. Let o be j(1). Let n = o + 67. What is the units digit of n?
4
Let i be 3/(76/(-348) + (-2)/(-12)). Let m = 55 - i. What is the hundreds digit of m?
1
Suppose -t + 4*p - 1 + 5 = 0, 0 = 3*t + 2*p - 40. Let x(r) = -r**2 + 18*r - 11. Let g be x(t). Let m = g + -32. What is the units digit of m?
9
Let z(a) = 243*a - 98. What is the hundreds digit of z(7)?
6
Suppose 4*i - 8 = 0, 5*i + 834 + 5687 = 3*x. What is the hundreds digit of x?
1
Suppose 426 = -2*b - 2*c, -b - 241 + 23 = -4*c. Let l = -145 - b. What is the units digit of l?
9
Let j be -2 - -6 - 3*-1. Let d = -7 + j. Suppose d = -2*v + 6*v - 88. What is the tens digit of v?
2
What is the hundreds digit of -1 - (-9)/(-3) - 3132/(-9)?
3
Let n = 81 - 112. Let t = -27 - 28. Let o = n - t. What is the units digit of o?
4
Suppose -2*q - 6*z + z = -997, 3*q - 1548 = 3*z. What is the tens digit of q?
1
Suppose -54*x + 50*x = -9740. What is the units digit of x?
5
Suppose 5*y = 4*n + 2337, -5*y + 2*n + 1437 + 894 = 0. What is the hundreds digit of y?
4
Suppose 27*w - 56352 = 15549. What is the thousands digit of w?
2
Let m(i) = -i**2 - 19*i - 18. Let u be m(-13). Suppose 4*v = -0*v - u. Let p = v - -23. What is the units digit of p?
8
Let m(h) = -69*h**2 - h + 2. Let i(c) = c**2. Let z(x) = 4*i(x) + m(x). Let u be z(-2). What is the units digit of u/(-14) + 2/(-7)?
8
Let k(z) = 51*z - 106. What is the units digit of k(20)?
4
Suppose 55*o - 43 = 54*o. Let f = o - 24. What is the units digit of f?
9
Suppose 1015*m - 1009*m = 7650. What is the units digit of m?
5
Let n = -11 + -15. What is the tens digit of (-5)/(41/n + (-3)/(-2))?
6
Suppose j - 4*m - 932 = 147, 2*m = -10. What is the thousands digit of j?
1
Let w be 15*(3 - 2)*1. What is the tens digit of (w/(-9))/((-9)/351)?
6
Suppose -15 = -3*b, 0 = 3*a + a + 5*b - 25. Suppose a = 2*n - 15 + 3. What is the units digit of n?
6
Suppose 4*x - 2*x = 694. Suppose 6*q - 25 = x. What is the units digit of q?
2
Suppose -29896 = -5*n - 2*v - 3318, -3*n + 3*v = -15930. What is the hundreds digit of n?
3
Let b = 1180 - -348. What is the tens digit of b?
2
Let n(o) = -7*o**3 + 9*o**2 - 5*o + 11. Let c(s) = 8*s**3 - 10*s**2 + 5*s - 12. Let k(u) = -4*c(u) - 5*n(u). What is the hundreds digit of k(5)?
2
Let i(j) = 19*j**2 - 29*j - 77. What is the units digit of i(-11)?
1
What is the units digit of ((-11)/44)/(((-1)/(-44))/(-1))?
1
Suppose -3*c + 3*v = -4227, -5*c - 3*v - 1351 = -8428. What is the hundreds digit of c?
4
Let m(b) = -11*b**2 + 1. Let w = -6 - -5. Let c be m(w). Let g = c - -29. What is the units digit of g?
9
Suppose 2*o = 1065 - 217. What is the tens digit of o?
2
Suppose 2*y + 10 = -3*b + 2, -b - 12 = 3*y. What is the units digit of b/3 + 2 + 85?
7
Suppose -3*q + 1 = -5*y - 3, 6 = 2*q. Let k be (2 + y)/((-4)/(-48)). Suppose 0*n = 4*n - k. What is the units digit of n?
9
Suppose -4*l + 206 + 242 = 0. Suppose -l + 420 = 7*u. What is the units digit of u?
4
Let b(n) = -n**3 - n**2 + 5*n - 1. Suppose 4*y = -3 + 59. Suppose 5*q + 34 = y. What is the units digit of b(q)?
7
Suppose 61*a = 38*a + 35489. What is the units digit of a?
3
Suppose 0 = 4*m - 3*r - 7875, -16*m = -14*m - 2*r - 3938. What is the tens digit of m?
6
Let h = -587 + 1058. What is the units digit of h?
1
Let p = 579 - 516. What is the tens digit of p?
6
Suppose -3*r + 10*j = 11*j - 2641, 0 = -4*r - j + 3520. What is the hundreds digit of r?
8
Let q(z) = z + 1. Let n(t) = t**2 + 10*t + 13. Let a(i) = -n(i) + 2*q(i). Let w be a(-5). What is the tens digit of w - (-3 + 2 + -47)?
5
Suppose -8*c - 6 + 22 = 0. Let p(i) = -i**3 - i + 3. Let u be p(0). Suppose -5*a = -u - c. What is the units digit of a?
1
Let g(z) = 17*z - 24. Let x be g(7). Suppose -2 - x = -b. What is the units digit of b?
7
Suppose 4*y = -3*m - 29, -3*y = y - 4*m + 8. What is the tens digit of (85/15 + y)/(2/333)?
1
Let l = -105 + -27. Let x = l - -285. What is the hundreds digit of x?
1
Suppose -1128 = -